, 53
What are the prime factors of 799?
17, 47
What are the prime factors of 12297?
3, 4099
What are the prime factors of 15893?
23, 691
List the prime factors of 4268.
2, 11, 97
What are the prime factors of 888?
2, 3, 37
What are the prime factors of 82109?
47, 1747
What are the prime factors of 2245?
5, 449
What are the prime factors of 418?
2, 11, 19
List the prime factors of 100.
2, 5
List the prime factors of 2574.
2, 3, 11, 13
What are the prime factors of 3104?
2, 97
List the prime factors of 13892.
2, 23, 151
What are the prime factors of 181987?
13, 13999
What are the prime factors of 40597?
40597
List the prime factors of 1889.
1889
List the prime factors of 2393.
2393
List the prime factors of 41448.
2, 3, 11, 157
What are the prime factors of 131080?
2, 5, 29, 113
What are the prime factors of 12693?
3, 4231
What are the prime factors of 17465?
5, 7, 499
What are the prime factors of 6213?
3, 19, 109
List the prime factors of 20836.
2, 5209
What are the prime factors of 12266?
2, 6133
What are the prime factors of 2133?
3, 79
What are the prime factors of 10507?
7, 19, 79
What are the prime factors of 13016?
2, 1627
List the prime factors of 55216.
2, 7, 17, 29
What are the prime factors of 7105?
5, 7, 29
List the prime factors of 10383.
3, 3461
List the prime factors of 5314.
2, 2657
List the prime factors of 5211.
3, 193
List the prime factors of 44517.
3, 11, 19, 71
List the prime factors of 87803.
87803
What are the prime factors of 1850?
2, 5, 37
List the prime factors of 1170.
2, 3, 5, 13
List the prime factors of 25268.
2, 6317
List the prime factors of 143.
11, 13
What are the prime factors of 6607?
6607
List the prime factors of 4578.
2, 3, 7, 109
List the prime factors of 31714.
2, 101, 157
What are the prime factors of 543?
3, 181
List the prime factors of 24878.
2, 7, 1777
List the prime factors of 5797.
11, 17, 31
List the prime factors of 39464.
2, 4933
What are the prime factors of 1989?
3, 13, 17
List the prime factors of 90157.
89, 1013
List the prime factors of 5485.
5, 1097
What are the prime factors of 392?
2, 7
What are the prime factors of 49373?
97, 509
What are the prime factors of 23436?
2, 3, 7, 31
List the prime factors of 2837.
2837
List the prime factors of 5399.
5399
List the prime factors of 50326.
2, 25163
What are the prime factors of 3843?
3, 7, 61
List the prime factors of 5096.
2, 7, 13
List the prime factors of 111406.
2, 53, 1051
What are the prime factors of 69?
3, 23
What are the prime factors of 6802?
2, 19, 179
What are the prime factors of 79172?
2, 19793
What are the prime factors of 5239?
13, 31
List the prime factors of 13555.
5, 2711
List the prime factors of 2241.
3, 83
What are the prime factors of 20635?
5, 4127
List the prime factors of 15355.
5, 37, 83
List the prime factors of 2513.
7, 359
What are the prime factors of 3183?
3, 1061
List the prime factors of 1419.
3, 11, 43
List the prime factors of 4348.
2, 1087
List the prime factors of 723.
3, 241
List the prime factors of 5885.
5, 11, 107
What are the prime factors of 2262?
2, 3, 13, 29
List the prime factors of 2327.
13, 179
List the prime factors of 723.
3, 241
What are the prime factors of 4750?
2, 5, 19
What are the prime factors of 1532?
2, 383
What are the prime factors of 3539?
3539
List the prime factors of 39414.
2, 3, 6569
List the prime factors of 1088.
2, 17
What are the prime factors of 357?
3, 7, 17
What are the prime factors of 862?
2, 431
What are the prime factors of 3845?
5, 769
List the prime factors of 9890.
2, 5, 23, 43
What are the prime factors of 2530?
2, 5, 11, 23
What are the prime factors of 5837?
13, 449
List the prime factors of 22452.
2, 3, 1871
List the prime factors of 18970.
2, 5, 7, 271
List the prime factors of 2076.
2, 3, 173
What are the prime factors of 8194?
2, 17, 241
List the prime factors of 244.
2, 61
What are the prime factors of 1142?
2, 571
What are the prime factors of 930?
2, 3, 5, 31
What are the prime factors of 1783?
1783
What are the prime factors of 3517?
3517
List the prime factors of 66196.
2, 13, 19, 67
What are the prime factors of 11145?
3, 5, 743
List the prime factors of 1187.
1187
List the prime factors of 5868.
2, 3, 163
What are the prime factors of 63568?
2, 29, 137
List the prime factors of 24331.
29, 839
List the prime factors of 9385.
5, 1877
List the prime factors of 8674.
2, 4337
List the prime factors of 1720.
2, 5, 43
List the prime factors of 1157.
13, 89
What are the prime factors of 8733?
3, 41, 71
List the prime factors of 3481.
59
What are the prime factors of 801?
3, 89
What are the prime factors of 2808?
2, 3, 13
List the prime factors of 813.
3, 271
List the prime factors of 849.
3, 283
List the prime factors of 20776.
2, 7, 53
List the prime factors of 303.
3, 101
List the prime factors of 24069.
3, 71, 113
What are the prime factors of 7896?
2, 3, 7, 47
List the prime factors of 8185.
5, 1637
What are the prime factors of 860?
2, 5, 43
List the prime factors of 19374.
2, 3, 3229
What are the prime factors of 635?
5, 127
What are the prime factors of 32026?
2, 67, 239
What are the prime factors of 23540?
2, 5, 11, 107
What are the prime factors of 2197?
13
List the prime factors of 16673.
16673
What are the prime factors of 3191?
3191
List the prime factors of 1758.
2, 3, 293
What are the prime factors of 1073?
29, 37
List the prime factors of 4955.
5, 991
What are the prime factors of 2824?
2, 353
List the prime factors of 24.
2, 3
List the prime factors of 5861.
5861
List the prime factors of 5748.
2, 3, 479
List the prime factors of 533.
13, 41
List the prime factors of 12841.
12841
List the prime factors of 8324.
2, 2081
List the prime factors of 105438.
2, 3, 17573
What are the prime factors of 7605?
3, 5, 13
What are the prime factors of 138628?
2, 7, 4951
List the prime factors of 1611.
3, 179
What are the prime factors of 514?
2, 257
List the prime factors of 2750.
2, 5, 11
List the prime factors of 5297.
5297
What are the prime factors of 401?
401
What are the prime factors of 1860?
2, 3, 5, 31
List the prime factors of 4555.
5, 911
What are the prime factors of 62481?
3, 59, 353
List the prime factors of 367.
367
What are the prime factors of 12714?
2, 3, 13, 163
What are the prime factors of 56570?
2, 5, 5657
List the prime factors of 6350.
2, 5, 127
List the prime factors of 35335.
5, 37, 191
List the prime factors of 3707.
11, 337
List the prime factors of 2801.
2801
What are the prime factors of 7782?
2, 3, 1297
List the prime factors of 296.
2, 37
What are the prime factors of 9252?
2, 3, 257
List the prime factors of 20542.
2, 10271
What are the prime factors of 844?
2, 211
List the prime factors of 80.
2, 5
What are the prime factors of 10268?
2, 17, 151
List the prime factors of 609.
3, 7, 29
List the prime factors of 10321.
10321
List the prime factors of 553.
7, 79
List the prime factors of 737.
11, 67
List the prime factors of 36122.
2, 18061
List the prime factors of 72509.
31, 2339
List the prime factors of 435.
3, 5, 29
What are the prime factors of 4739?
7, 677
What are the prime factors of 1448?
2, 181
What are the prime factors of 1103?
1103
What are the prime factors of 5737?
5737
What are the prime factors of 5662?
2, 19, 149
What are the prime factors of 3881?
3881
List the prime factors of 26331.
3, 67, 131
What are the prime factors of 136558?
2, 68279
What are the prime factors of 938?
2, 7, 67
What are the prime factors of 5765?
5, 1153
What are the prime factors of 2147?
19, 113
What are the prime factors of 11796?
2, 3, 983
List the prime factors of 7070.
2, 5, 7, 101
List the prime factors of 46453.
11, 41, 103
What are the prime factors of 7258?
2, 19, 191
What are the prime factors of 31379?
31379
List the prime factors of 347.
347
What are the prime factors of 21503?
21503
List the prime factors of 32601.
3, 10867
What are the prime factors of 3546?
2, 3, 197
List the prime factors of 553.
7, 79
List the prime factors of 2439.
3, 271
List the prime factors of 2350.
2, 5, 47
List the prime factors of 8626.
2, 19, 227
What are the prime factors of 124?
2, 31
What are the prime factors of 1080?
2, 3, 5
List the prime factors of 23234.
2, 11617
What are the prime factors of 15396?
2, 3, 1283
What are the p